e remainder when 111 is divided by 7?
6
Calculate the remainder when 972 is divided by 15.
12
Calculate the remainder when 542 is divided by 137.
131
Calculate the remainder when 11024 is divided by 225.
224
Calculate the remainder when 753 is divided by 33.
27
Calculate the remainder when 21 is divided by 11.
10
Calculate the remainder when 8639 is divided by 120.
119
What is the remainder when 1295 is divided by 31?
24
Calculate the remainder when 47 is divided by 3.
2
What is the remainder when 125 is divided by 9?
8
Calculate the remainder when 227 is divided by 48.
35
What is the remainder when 5598 is divided by 11?
10
What is the remainder when 410 is divided by 18?
14
Calculate the remainder when 3877 is divided by 28.
13
What is the remainder when 64 is divided by 13?
12
Calculate the remainder when 1537 is divided by 9.
7
Calculate the remainder when 1670 is divided by 7.
4
What is the remainder when 27 is divided by 18?
9
What is the remainder when 1368 is divided by 49?
45
What is the remainder when 1104 is divided by 545?
14
What is the remainder when 406 is divided by 151?
104
Calculate the remainder when 2806 is divided by 72.
70
Calculate the remainder when 129 is divided by 45.
39
Calculate the remainder when 1161 is divided by 116.
1
What is the remainder when 211 is divided by 45?
31
What is the remainder when 288 is divided by 134?
20
Calculate the remainder when 151 is divided by 78.
73
Calculate the remainder when 207 is divided by 24.
15
What is the remainder when 14024 is divided by 255?
254
What is the remainder when 131 is divided by 91?
40
What is the remainder when 1483 is divided by 15?
13
What is the remainder when 84 is divided by 7?
0
Calculate the remainder when 44 is divided by 13.
5
What is the remainder when 118 is divided by 20?
18
Calculate the remainder when 1101 is divided by 29.
28
What is the remainder when 698 is divided by 225?
23
What is the remainder when 656 is divided by 25?
6
Calculate the remainder when 192 is divided by 44.
16
Calculate the remainder when 18676 is divided by 283.
281
What is the remainder when 2190 is divided by 100?
90
What is the remainder when 2067 is divided by 45?
42
What is the remainder when 127 is divided by 43?
41
What is the remainder when 224 is divided by 88?
48
What is the remainder when 577 is divided by 117?
109
What is the remainder when 98 is divided by 6?
2
Calculate the remainder when 199 is divided by 76.
47
What is the remainder when 68 is divided by 21?
5
Calculate the remainder when 2665 is divided by 103.
90
Calculate the remainder when 251 is divided by 67.
50
What is the remainder when 4357 is divided by 37?
28
Calculate the remainder when 4478 is divided by 140.
138
What is the remainder when 231 is divided by 37?
9
What is the remainder when 1113 is divided by 18?
15
Calculate the remainder when 1281 is divided by 56.
49
Calculate the remainder when 2515 is divided by 148.
147
What is the remainder when 1032 is divided by 408?
216
What is the remainder when 94 is divided by 17?
9
Calculate the remainder when 3291 is divided by 4.
3
Calculate the remainder when 53 is divided by 4.
1
What is the remainder when 981 is divided by 268?
177
What is the remainder when 582 is divided by 136?
38
Calculate the remainder when 796 is divided by 17.
14
Calculate the remainder when 62 is divided by 13.
10
What is the remainder when 281 is divided by 105?
71
Calculate the remainder when 501 is divided by 63.
60
What is the remainder when 7646 is divided by 153?
149
Calculate the remainder when 74 is divided by 11.
8
What is the remainder when 1120 is divided by 59?
58
Calculate the remainder when 10078 is divided by 140.
138
Calculate the remainder when 251 is divided by 26.
17
What is the remainder when 87 is divided by 3?
0
Calculate the remainder when 251 is divided by 62.
3
Calculate the remainder when 1677 is divided by 157.
107
Calculate the remainder when 269 is divided by 27.
26
Calculate the remainder when 2148 is divided by 22.
14
What is the remainder when 303 is divided by 38?
37
What is the remainder when 737 is divided by 65?
22
What is the remainder when 6335 is divided by 9?
8
What is the remainder when 4905 is divided by 48?
9
Calculate the remainder when 459 is divided by 122.
93
What is the remainder when 127 is divided by 43?
41
What is the remainder when 92015 is divided by 8?
7
What is the remainder when 1406 is divided by 472?
462
Calculate the remainder when 54 is divided by 46.
8
Calculate the remainder when 1188 is divided by 15.
3
What is the remainder when 223 is divided by 8?
7
What is the remainder when 140 is divided by 29?
24
Calculate the remainder when 138 is divided by 5.
3
What is the remainder when 100 is divided by 28?
16
What is the remainder when 524 is divided by 116?
60
What is the remainder when 16 is divided by 6?
4
What is the remainder when 707 is divided by 64?
3
What is the remainder when 719 is divided by 51?
5
Calculate the remainder when 183 is divided by 65.
53
Calculate the remainder when 277 is divided by 29.
16
Calculate the remainder when 25 is divided by 13.
12
What is the remainder when 370 is divided by 59?
16
What is the remainder when 2583 is divided by 37?
30
What is the remainder when 1414 is divided by 695?
24
What is the remainder when 40 is divided by 23?
17
What is the remainder when 211 is divided by 17?
7
What is the remainder when 326 is divided by 10?
6
What is the remainder when 36 is divided by 24?
12
Calculate the remainder when 4256 is divided by 20.
16
Calculate the remainder when 248 is divided by 47.
13
Calculate the remainder when 83 is divided by 12.
11
What is the remainder when 128 is divided by 32?
0
What is the remainder when 1339 is divided by 75?
64
Calculate the remainder when 51 is divided by 21.
9
Calculate the remainder when 331 is divided by 37.
35
Calculate the remainder when 343 is divided by 68.
3
What is the remainder when 92 is divided by 41?
10
What is the remainder when 449 is divided by 114?
107
What is the remainder when 211 is divided by 18?
13
Calculate the remainder when 195 is divided by 2.
1
Calculate the remainder when 83 is divided by 17.
15
Calculate the remainder when 85 is divided by 13.
7
Calculate the remainder when 292 is divided by 77.
61
What is the remainder when 153 is divided by 39?
36
Calculate the remainder when 754 is divided by 36.
34
Calculate the remainder when 4007 is divided by 285.
17
What is the remainder when 1183 is divided by 66?
61
Calculate the remainder when 558 is divided by 13.
12
What is the remainder when 479 is divided by 13?
11
What is the remainder when 220 is divided by 19?
11
Calculate the remainder when 66 is divided by 14.
10
Calculate the remainder when 108 is divided by 32.
12
Calculate the remainder when 926 is divided by 57.
14
What is the remainder when 478 is divided by 40?
38
Calculate the remainder when 12 is divided by 3.
0
Calculate the remainder when 225 is divided by 19.
16
Calculate the remainder when 105 is divided by 5.
0
Calculate the remainder when 96 is divided by 24.
0
Calculate the remainder when 1644 is divided by 15.
9
What is the remainder when 316 is divided by 46?
40
Calculate the remainder when 159 is divided by 39.
3
What is the remainder when 418 is divided by 109?
91
Calculate the remainder when 95 is divided by 26.
17
Calculate the remainder when 240 is divided by 27.
24
Calculate the remainder when 234 is divided by 79.
76
Calculate the remainder when 725 is divided by 8.
5
Calculate the remainder when 102 is divided by 5.
2
Calculate the remainder when 599 is divided by 20.
19
Calculate the remainder when 65622 is divided by 75.
72
What is the remainder when 15 is divided by 9?
6
Calculate the remainder when 59 is divided by 20.
19
Calculate the remainder when 239 is divided by 40.
39
Calculate the remainder when 1397 is divided by 28.
25
What is the remainder when 7405 is divided by 23?
22
What is the remainder when 2168 is divided by 155?
153
Calculate the remainder when 1956 is divided by 30.
6
What is the remainder when 433 is divided by 161?
111
What is the remainder when 82065 is divided by 84?
81
Calculate the remainder when 872 is divided by 12.
8
Calculate the remainder when 1